 = 7 + u. Let v(d) = -2 + z + 1 + 7*d**2. Determine v(1).
7
Suppose 2*u + 5 - 3 = 0. Let b = 1 + u. Let d(m) = -m**3 + m + 2. Determine d(b).
2
Let t be -1*(1 - 1 - -1). Let s(l) = l**2 + 2*l + 1. Let x be s(t). Let m(r) = -4 + x*r + r - 2*r. Calculate m(-3).
-1
Let q(w) = -7*w**3 + 4*w**2 - 2*w + 6. Let t(o) = 13*o**3 - 7*o**2 + 3*o - 11. Let d(j) = 11*q(j) + 6*t(j). Let r be d(-3). Let a(s) = 2*s. What is a(r)?
6
Let n(r) be the first derivative of r**3/3 - 7*r**2/2 - 2*r + 6. Calculate n(5).
-12
Let x(p) = 4*p**3 - 29*p**2 - 16*p + 28. Let h(l) = -l**3 + 7*l**2 + 4*l - 7. Let u(b) = -9*h(b) - 2*x(b). What is u(5)?
-13
Suppose 4*y + 7 = -v, -2*y = -5*y - 3*v - 3. Let c = 0 - y. Let f(a) = -2*a + 1. Determine f(c).
-3
Let m(i) = -4 + 0 - 1 + 4. Let o(x) = x**2 - 3*x + 5. Let f(h) = -2*m(h) - o(h). What is f(2)?
-1
Let p = 12 + -12. Let x(r) be the second derivative of r**5/20 + 2*r**2 - r. Calculate x(p).
4
Let v be 1/(-2)*(9 - -1). Let i(r) = 5*r**3 - 10*r**2 + 4*r - 9. Let z(j) = -4*j**3 + 9*j**2 - 4*j + 8. Let f(p) = 5*i(p) + 6*z(p). Calculate f(v).
-2
Let i(d) be the first derivative of 1/3*d**3 - 3 - 2*d**2 + 4*d. Determine i(4).
4
Let q(x) = -2*x**3. Let f be q(-1). Suppose -y - 2 = -4*u, 4*u = -3*y - 2*y + 14. Let p(d) = -3*d**f - 2 + u - 3 + d**3 - 4*d. Determine p(4).
-4
Let f(n) = -14*n - 27. Let b(j) = -5*j - 9. Let y(k) = -17*b(k) + 6*f(k). Calculate y(9).
0
Let x(n) = n**3 - 3*n**2 - 2*n + 4. Let v be (2/6)/((-1)/(-18)). Suppose v*l = l + 15. What is x(l)?
-2
Let k(n) = -4*n - 1. Let q = 7 - 4. Suppose v + f = q*f - 7, -3*f = -v - 10. Calculate k(v).
3
Let c(k) be the second derivative of -k**3/6 + 3*k**2 + 5*k. What is c(5)?
1
Let w(x) be the second derivative of 1/6*x**3 + 0 + 15/2*x**2 + 6*x. What is w(0)?
15
Let l(k) = 9*k. Let w(o) = -1. Let x(h) = -5*h + 2. Let p(r) = 2*w(r) + x(r). Let s(f) = -6*l(f) - 11*p(f). Let y = -8 + 13. Determine s(y).
5
Let x(q) = q - 8. Suppose 4*t = -5*z + 65, 2*t - 30 = -z - 5. Let f be x(t). Let c be (-1)/f - (-7)/14. Let a(r) = -r - 6. Calculate a(c).
-6
Let r be (-1 + -2)*(-2 + 1). Suppose 4*i = 3*i + r. Suppose 5*t = -k - 1, -t - i + 0 = 3*k. Let a(f) = f**2 - f. Calculate a(t).
0
Suppose -11 = -d + 4. Suppose 10*u - h + 12 = 5*u, u + 4*h = -d. Let o(a) = -3*a**2 + 1 - a**3 + 1 + 2. Calculate o(u).
4
Let u be (0 + -5)*(-3 + 2). Suppose 0 = -5*d - 6 + 21. Let g(f) = 3*f - 2*f - d + 5. Determine g(u).
7
Let p(r) be the third derivative of r**7/1260 + r**6/360 - r**5/60 - 3*r**2. Let u(l) be the third derivative of p(l). Calculate u(-2).
-6
Suppose 1 - 3 = -2*p. Let n(a) = -2*a**2 - 3 - p + 3*a**2 + 3*a. Calculate n(-5).
6
Suppose -4*d = r + 1, 0*r + d - 26 = 5*r. Let h(q) be the third derivative of -q**5/60 - q**4/6 + q**3/3 + q**2. Give h(r).
-3
Let y = 20 - 17. Let c(q) = y*q**2 + 4*q**2 - 4*q**2. Determine c(1).
3
Let n(l) = -l**2 + 7. Let v(s) = -s**3 - s**2 + 2*s + 2. Let d be v(-2). Let p(h) = h**2 + 0*h**d - 7*h + 0*h**2. Let t be p(7). Give n(t).
7
Let k(v) be the third derivative of v**6/240 - v**5/120 - v**4/8 - 2*v**2. Let q(u) be the second derivative of k(u). Calculate q(1).
2
Let v(m) = 4*m**2 - m**2 - 4*m - 1 - 4*m**2. Let n(r) = 2 - 4*r + 0*r - 1. Let w be n(1). What is v(w)?
2
Let b(z) = -z - 1. Suppose 0 = -6*w - 5 + 17. Suppose -s + 5 + w = 3*k, -5*k + 4*s + 6 = 0. Give b(k).
-3
Let v(x) = -x**2 - 8. Suppose 0 = 3*q + 4*q. Give v(q).
-8
Let i = 10 + -12. Let t be i/11 - 91/(-77). Let c(u) = -u**2 - u + 1. Give c(t).
-1
Suppose -15*v + 5*v = 30. Let b(u) = -u**2 - 3*u - 2. Give b(v).
-2
Let q(r) = -2*r - 1. Let k be -1 + 0 - (6 + -5). Let g = 6 + k. Suppose p - 2*p - g = 0. What is q(p)?
7
Let d(q) = 24*q**2 - 48*q**2 + 1 + 13*q**2. Give d(1).
-10
Let m(t) be the second derivative of t**4/4 + t**2/2 - 32*t. Let y be (3 + 0 + -1)*1. Suppose -22 = 3*x + 5*c, -3*x - 2*c - y*c - 17 = 0. Give m(x).
4
Let m(j) = j**2 - 4*j + 4. Suppose -4*d + 40 = 5*l, 2*l - 3*d + 11 = l. Suppose 0 = -2*i - 5*a + 41, 0 = -0*a - a + 5. Let p = i - l. Calculate m(p).
4
Let z = 9 + -5. Suppose -5*q + 41 = z*l, 4*l = -2*q - 0*q + 26. Let f(d) = -d**2 + 5*d + 4. Calculate f(q).
4
Let g(j) = -5*j + 1. Let d = -12 + 19. Let s = d - 5. Calculate g(s).
-9
Let h(g) = -g**3 + g**2 - g - 5. Let o(n) = n**2 + 10*n + 19. Let r be o(-8). Suppose r*w = w. What is h(w)?
-5
Let b(r) = 149*r + 2 - 74*r - 74*r. Give b(-9).
-7
Suppose o = 0, 4*p - 2*o - 15 = 9*p. Let a(v) = -v + 3. What is a(p)?
6
Let a(h) = -h + 2. Let t = 10 - 8. Suppose -4*o + t*o = 14. Let x(m) = -m - 3. Let l be x(o). What is a(l)?
-2
Let f(b) = 5*b + 7. Let m(x) = -11*x - 14. Let k(a) = 13*f(a) + 6*m(a). Suppose s + g = 5*s - 19, -3*s + 18 = -2*g. Suppose p = -s*p + 25. What is k(p)?
2
Let t = -6 - -5. Let x(l) = -21*l**2 - 2*l - 1. What is x(t)?
-20
Let t(j) = 3*j + 1. Let q = 11 + -9. Suppose g + 23 = 4*b, 2*g - 8 = -q*g - 4*b. Calculate t(g).
-8
Let u(g) = -100 + 100 - g. Calculate u(4).
-4
Let w(q) = 0*q + 4*q - q**2 - 9 + 4*q**2 - 9*q**2. Let h(j) be the second derivative of j**4/12 + j**2/2 + j. Let d(v) = -5*h(v) - w(v). What is d(4)?
4
Let r(h) = -4*h**2 + h. Suppose -5*m - 17 = 28. Let j = -7 - m. Suppose -5*s - j = 3. Determine r(s).
-5
Let b(k) = 3*k**2 + 4*k - 14. Let v(s) = -s**2 - s + 5. Let g(p) = -4*b(p) - 11*v(p). Calculate g(-4).
5
Let x(c) be the first derivative of -c**2/2 - 12*c + 4. What is x(0)?
-12
Let b(a) = 4*a - 4*a - 4*a - 3 + 8*a. Let l be ((-12)/(-10))/(3/10). Determine b(l).
13
Let j(n) = -4*n**3 + 2*n**2 - 9*n + 7. Let i be -3*(12/9)/4. Let u(v) = -v**3 + v**2 - v + 1. Let c(f) = i*j(f) + 5*u(f). What is c(3)?
10
Let k(x) = -x - 5. Suppose -2*t + 0*t + 96 = 3*c, 3*t - 149 = -2*c. Suppose 2*r + 2*g = 4*g + 14, t = 5*r + 3*g. Let m be (-1)/(3/r) + -1. Give k(m).
-1
Let v(d) be the third derivative of d**5/60 - 3*d**4/8 + d**3 + 6*d**2. Give v(8).
-2
Let m(p) be the second derivative of p**8/6720 + p**7/630 + p**6/720 + p**5/120 - p**4/6 + 3*p. Let q(z) be the third derivative of m(z). What is q(-4)?
-3
Let l(z) = 5*z**3 - 5*z**2 + 8*z + 8. Let c(t) = 2*t**3 - 2*t**2 + 3*t + 3. Let k(o) = 8*c(o) - 3*l(o). Give k(1).
0
Let t(s) = -5*s**2 - 2 + 0*s**2 + 4*s**2 + 8*s. What is t(6)?
10
Let d(z) be the first derivative of z**7/840 - z**5/60 - z**4/24 + 4*z**3/3 + 1. Let h(g) be the third derivative of d(g). What is h(2)?
3
Let m(h) = h**2 - 4*h - 7. Let i be (-2)/(-4)*(-2)/1. Let n be (-42)/(-8) + i/4. Give m(n).
-2
Suppose -4*i + 5*i - 7 = 0. Let x(t) = -4 - 13*t + 7*t + i*t. What is x(3)?
-1
Let p(i) be the first derivative of -i**3/3 - 5*i**2/2 - 3*i - 3. Give p(-5).
-3
Let v(a) = -a**2 - 12*a - 7. Let t(r) = -r**2 - 13*r - 8. Let w(f) = 4*t(f) - 5*v(f). Determine w(-3).
-12
Let w(g) = g**2 - g - 3. Suppose 0 = 4*h + 3*b - 2, 0 = 2*b - 6*b - 8. Suppose u - 10 = -h*d - 3*u, -5*d + 11 = -4*u. What is w(d)?
3
Let s(a) = 10*a**3 - 2*a**2 + a. Let q = 17 - 16. Give s(q).
9
Let r(g) = -2*g**3 - 13*g**2 - 8*g - 8. Let j be r(-6). Let o(h) = h**3 - 4*h**2 + 3*h + 2. What is o(j)?
14
Let h(n) be the third derivative of -n**7/840 - n**6/360 - n**5/60 - n**4/8 - n**3/2 - n**2. Let g(t) be the first derivative of h(t). Calculate g(-2).
5
Let o(f) = 5*f**2 + 7*f + 0*f**3 - 7*f**2 - 2*f**2 - f**3 + 7. Calculate o(-5).
-3
Let j(a) = a**3 - 2*a**2 - 6*a + 5. Let u be j(5). Suppose u - 2 = -2*l. Let o be 4/10 + l/10. Let d(y) = y. Calculate d(o).
-2
Let u(w) be the third derivative of -w**6/60 - w**5/30 - w**4/12 + w**3/3 - 3*w**2. Calculate u(-2).
14
Suppose 0 = a - 13*a - 60. Let b(i) = 2 + i**2 + 3*i + 5*i - 4*i. Give b(a).
7
Let t(f) be the first derivative of f**3/3 + f**2/2 + 2*f - 7. Calculate t(4).
22
Let k(z) be the third derivative of z**8/6720 - z**7/420 + z**5/30 - z**4/8 - 3*z**2. Let d(a) be the second derivative of k(a). Calculate d(6).
4
Let d be 9/12 + (-3)/(-12). Let o = d + 1. Suppose -2*k = -o*r + 2 - 8, -3*r = k + 1. Let z(u) = u**3 - 2*u - 1. Give z(r).
0
Let l be ((-8)/(-10))/(2/(-10)). Let t(h) be the first derivative of -h**3/3 - 5*h**2/2 - 3*h - 5. Calculate t(l).
1
Let r(i) = i**3 + 4*i**2 - 5*i + 4. Let s = 8 - -6. Let t = 9 - s. Give r(t).
4
Let y(k) be the third derivative of -k**5/60 + k**4/24 - 2*k**3/3 - 16*k**2. What is y(4)?
-16
Let r(s) be the third derivative of s**6/720 - s**5/30 + 5*s**4/24 +